common divisor of c and 1.
1
Let n be 24/(-120) - (-3844)/20. What is the greatest common factor of n and 24?
24
Suppose 2*z - 7*z = -360. Suppose -49 = 5*o + 311. Let t = o - -81. Calculate the highest common factor of t and z.
9
Suppose 4*x + 10*x = 7238. What is the highest common factor of x and 94?
47
Suppose -5*w - 102 = -v + 8, 0 = 4*v. Let g = w - -73. Calculate the greatest common divisor of g and 34.
17
Let i(k) = -k**3 - k**2 + 180. Let m(j) = j**2 - 5*j. Let u be m(5). Let f be i(u). Suppose -4*q + f = q. Calculate the highest common factor of 12 and q.
12
Let p be (-1)/10 - (-6)/(-60)*-22011. Calculate the highest common factor of p and 31.
31
Let t(n) = 3*n**2 + 7*n. Let y be 44/(-33)*(3 + 0). Let a be t(y). Let p = 8 + a. Calculate the greatest common divisor of p and 4.
4
Suppose -123*t + 126*t - 360 = 0. Calculate the highest common factor of t and 24.
24
Suppose -b + 330 = 4*z, 20*b - 21*b - 85 = -z. Calculate the greatest common factor of z and 2573.
83
Let h = 53 + -42. Let y(n) = -n**3 + n**2 - 2*n. Let w be y(-4). Calculate the highest common factor of w and h.
11
Let i(j) be the second derivative of -4*j**3/3 + 9*j**2/2 - 2*j. Let v be i(-3). What is the highest common divisor of 11 and v?
11
Suppose 3*g + 24*g - 864 = 0. Suppose -1 = 2*y - 13. Suppose 5*c + g = y*c. What is the greatest common divisor of c and 32?
32
Let o = 21 + 95. Let f(k) = -2*k**2 + 14*k + 9. Let n be f(5). Calculate the highest common divisor of n and o.
29
Let p = 4438 - 4390. Suppose -2*n = -3*l + 8*l - 110, -242 = -4*n + l. What is the greatest common factor of p and n?
12
Suppose -3*p = -5*d + 149, d + d + 5*p - 41 = 0. Let m be 1*(4 + -5) + 4 + -2. Let z be 0 + d*m/1. Calculate the highest common factor of z and 28.
28
Suppose -3*y - y + 64 = 0. Let c(t) = t**2 - 3*t - 35. Let l be c(17). Suppose 3*b - l = 37. What is the highest common factor of b and y?
16
Let k(i) = -4*i**3 - 3*i**2 - 5*i. Let b be k(-5). What is the greatest common factor of 18 and b?
18
Suppose 667 = 5*t + 4*b, 4*t - 701 = -2*b - 165. What is the highest common divisor of t and 5?
5
Suppose 204 = 5*n + 69. Let c = 664 + -367. What is the highest common divisor of n and c?
27
Suppose 0 = -2*m + 4*p + 554, -5*m + p + 2113 - 746 = 0. Calculate the greatest common divisor of 39 and m.
39
Suppose 0 = -r - 5*g - 0*g + 85, 5*g = 5*r - 455. Let p = 0 - 1. Let i be -10*p/(1/1). Calculate the highest common divisor of r and i.
10
Let j be (5*16/(-120))/((-10)/39345). What is the greatest common divisor of j and 61?
61
Suppose 4*b = -3*u + 29, -2*u + 5*b = -6*u + 38. Let j(y) = y**2 + y - 149. Let v be j(0). Let p = v - -212. Calculate the greatest common factor of u and p.
7
Suppose -162 = -3*b + 36. Calculate the greatest common factor of b and 264.
66
Let s(z) = -z**3 - 2*z**2 - z. Let c be s(-1). Suppose -5*t + 250 = 5*n, -5 - 39 = -t + 2*n. Let y = c + t. What is the highest common divisor of 12 and y?
12
Let p(b) = b - 1. Let z be p(5). Let w = z - 8. Let s be (112/42)/(w/(-6)). Calculate the greatest common factor of s and 1.
1
Let t be (2*-1)/(2/83). Suppose -4*a = -0*a - 4*r + 132, 5*r - 137 = 4*a. Let m = a - t. Calculate the greatest common factor of m and 11.
11
Suppose -3*t = -4*n - 0*n - 29, 5*t - 5 = -2*n. What is the highest common divisor of 21 and t?
3
Let g = 3 - -15. Suppose 3*x - 6 = 9. Suppose x*s = -7*s + 144. What is the greatest common factor of s and g?
6
Suppose p + 2*z = 30, 4*z + 60 = -p + 3*p. Let q be ((-4)/(-6))/(-1) - (-1624)/6. Calculate the highest common factor of q and p.
30
Let z be (-29)/((-145)/3850) - -5. What is the greatest common factor of z and 25?
25
Let u be 4/7 - (170/14)/(-5). What is the greatest common factor of 27 and u?
3
Suppose -5*t + 141 = 2*b + 44, 2*t = -5*b + 22. Let l = t - -19. What is the greatest common factor of l and 16?
8
Let i = -2315 - -2374. What is the greatest common divisor of 1357 and i?
59
Let n(z) = 154*z - 68. Let s be n(2). What is the greatest common divisor of s and 32?
16
Let q(r) = 50*r - 137. Let y be q(10). Calculate the highest common factor of y and 22.
11
Suppose 0 = d + 4*n + 10, 11 = -3*d - 3*n + 17. Calculate the highest common factor of 426 and d.
6
Suppose -2*r + 22 = -t, -59 = -4*r + 4*t - 19. Suppose 3*j - 9 = -4*y, 11 = 5*y - 3*j - 34. Calculate the greatest common divisor of r and y.
6
Let z = -77 + 84. What is the highest common factor of 91 and z?
7
Suppose 31*g = g + 150. Calculate the greatest common factor of g and 4.
1
Let k(y) = -44*y + 1. Let x be (-6)/8 + (-4)/16. Let w be (-12)/16 + x/4. Let d be k(w). What is the greatest common divisor of d and 18?
9
Let f = 28 - 19. Suppose -117 = -2*v - 3*c + 108, -444 = -4*v - 4*c. Let h = -63 + v. Calculate the greatest common divisor of h and f.
9
Let v = -1 + 3. Suppose -5*k = 5*d - 30, -v*d + 4 = 3*k + k. Suppose s + 5*y = 70, 39*y - 37*y = 3*s - 142. What is the highest common factor of d and s?
10
Suppose -53*g + 54*g = 15. Calculate the highest common factor of 15 and g.
15
Let s be 4 + (-3 + -4 + 5)*-28. Calculate the greatest common divisor of s and 60.
60
Let z be (-12 - -7) + -1 - -86. What is the greatest common factor of 15 and z?
5
Let i(t) = -t**3 - 3*t**2 + 5*t + 6. Let p be i(-4). Suppose 2*h - 4*d - 196 = 0, -p*d - 254 = -3*h - 4*d. Calculate the highest common divisor of 11 and h.
11
Suppose 186 = 2*w - 5*w. Let n = 116 + w. Suppose -6*u = -71 - 37. What is the greatest common factor of u and n?
18
Let w = 406 - 182. What is the highest common factor of 14 and w?
14
Let f be 0 - (78/12)/(3/(-138)). Calculate the greatest common divisor of 23 and f.
23
Let r(u) = u**3 - 2*u**2 + 4*u - 3. Let n be r(2). Let y = 1071 + -1061. What is the highest common factor of n and y?
5
Let c(a) = a**3 + 32*a**2 - 36*a - 24. Let f be c(-33). What is the highest common divisor of 750 and f?
75
Suppose 9*y - 3*y = 0. Suppose y = 9*z - 12*z + 234. What is the greatest common factor of z and 26?
26
Let m = 62 - 29. Let o = m + 0. Let a be (5 - -21*(-7)/14 - -6)*44. Calculate the greatest common divisor of o and a.
11
Suppose 220 = 7*m - 116. Let s(x) = -2*x - 2. Let h(n) = -5*n + 6. Let k be h(2). Let u be s(k). What is the greatest common factor of m and u?
6
Let j(s) = 4*s**2 - 2*s - 2. Let w be j(-2). Let b(a) = -15*a + 59. Let d be b(8). Let t = 79 + d. Calculate the highest common divisor of w and t.
18
Let w = 502 + -247. What is the greatest common factor of w and 153?
51
Let a be (-240)/40 + 42 + 1. Calculate the greatest common factor of a and 555.
37
Suppose -3717 = 10*c - 4127. What is the greatest common divisor of 369 and c?
41
Let n be (-18112)/(-6) + (-20 - 550/(-30)). Calculate the greatest common divisor of 7 and n.
7
Let y(a) = a**2 - 37*a + 256. Let c be y(38). Calculate the greatest common divisor of 98 and c.
98
Suppose -3*b + 3*g + 3738 = 0, b - 1244 = -12*g + 14*g. What is the highest common factor of 64 and b?
32
Suppose 528 + 440 = 2*g. Suppose 0 = -3*i - 2*s + 128, -2*i = -2*s - 105 + 13. Calculate the highest common divisor of g and i.
44
Let p be (2 - -3) + -2 - 123. Let t be p/(-32)*(-16)/(-6). Calculate the greatest common factor of 10 and t.
10
Let m = 612 - 600. Calculate the highest common divisor of 78 and m.
6
Let d = 156 - 138. Calculate the greatest common factor of d and 306.
18
Suppose 0 = -3*k + 6*k - 2*y + 43, -5*y = -4*k - 62. Let v(d) = d**3 + 12*d**2 - 13*d + 16. Let z be v(k). Calculate the highest common factor of z and 144.
16
Let o be 174785/221 + ((-16)/(-34))/4. What is the greatest common divisor of o and 113?
113
Let d = -5075 - -5077. Let u(i) = -i + 9. Let r be u(6). What is the greatest common divisor of d and r?
1
Let l(b) = b**2 + 10*b + 26. Let i be l(-6). Suppose 2*x - 47 = -4*q - q, 0 = 5*x + i*q - 86. Let f = -2 + 6. Calculate the greatest common divisor of f and x.
4
Let u = -8 + 10. Suppose -3*a + 5*f - 9 = 2*f, 0 = 4*a + u*f - 18. What is the highest common factor of 10 and a?
2
Let s be -6 - 2*78/(-12). Let j(m) = -m**3 - 9*m**2 - 6*m + 7. Let f be j(-8). Let z be ((f - 0) + 2)*-1. What is the greatest common divisor of z and s?
7
Let d be 14/4*(-2)/(-1). Suppose -31 = 9*h + 23. Let s = h - -69. What is the greatest common divisor of d and s?
7
Let t = 56 - 34. Let p be ((-